{"id":13422,"date":"2020-07-29T12:28:12","date_gmt":"2020-07-29T16:28:12","guid":{"rendered":"https:\/\/www.studiosdobosque.com.br\/2020\/?page_id=13422"},"modified":"2022-07-11T15:02:03","modified_gmt":"2022-07-11T19:02:03","slug":"unidades","status":"publish","type":"page","link":"https:\/\/www.studiosdobosque.com.br\/2020\/home-2\/unidades\/","title":{"rendered":"Unidades"},"content":{"rendered":"\n<p><\/p>\n\n\n\n<h2><br>05 ANDARES DE SERVI\u00c7OS<\/h2>\n\n\n\n<h2>CONHE\u00c7A TODOS OS SERVI\u00c7OS QUE O STUDIOS DO BOSQUE TEM PARA VOC\u00ca.<\/h2>\n\n\n\n<p><strong>1\u00ba ANDAR<\/strong><\/p>\n\n\n\n<p><\/p>\n\n\n<p>101 Residencial<br \/>\n102 Residencial<br \/>\n103 Fazenda Raio de Luar<br \/>\n104<br \/>\n105<br \/>\n106 Vazia<br \/>\n107 Odontologia Dr. Milton Fressato- Cirurgi\u00e3o Dent\u00e1rio<br \/>\n108<br \/>\n109<br \/>\n110 Neve e Vidal Advocacia<br \/>\n111 Vazia<br \/>\n112 Vazia<br \/>\n113 Escrit\u00f3rio de Advocacia Angela Benghi<br \/>\n114 Odontologia Dra. Creusa Maria O. Caballero<br \/>\n115 Vazia<br \/>\n116 Centro de Desenvolvimento Cognitivo<br \/>\n117<\/p>\n\n\n\n<p><strong>2\u00ba ANDAR<\/strong><\/p>\n\n\n<p>202 Residencial<br \/>\n203<br \/>\n204 Dr. Norberto L. Souza e Dra. Marcia Andrade<br \/>\n205 Alessandro Vale \u2013 Advogados e Associados<br \/>\n206 Alessandro Vale \u2013 Advogados e Associados<br \/>\n207 Alessandro Vale \u2013 Advogados e Associados<br \/>\n208<br \/>\n209<br \/>\n210 Renata Silva de Paula \u2013 Psican\u00e1lise<br \/>\n211 Imobili\u00e1ria Confianza<br \/>\n212 Vazia<br \/>\n213 Psic\u00f3loga<br \/>\n214 Fernando Cabral Violin<br \/>\n215 Representa\u00e7\u00f5es<br \/>\n216- Arquitetura<br \/>\n217 Arquitetura<\/p>\n\n\n\n<p><strong>3\u00ba ANDAR<\/strong><\/p>\n\n\n<p>301 Luziarte \u2013 Elena Da Silva<br \/>\n302 Representante Comerciais<br \/>\n303 Makeuo Berger \u2013 Beauty Artistis Atelie<br \/>\n304 Residencial<br \/>\n305 Instituto Memoria<br \/>\n306 Residencial<br \/>\n307 Vazia<br \/>\n308 Residencial<br \/>\n309<br \/>\n310 Calle\u00b4s Consultoria<br \/>\n311 Imobili\u00e1ria Confianza<br \/>\n312 Vazia<br \/>\n313 Bueno Gomes Advocacia e Consultoria Jur\u00eddica<br \/>\n314 Bueno Gomes Advocacia e Consultoria Jur\u00eddica<br \/>\n315 VLM Participa\u00e7\u00f5es LTDA<br \/>\n316 Bueno Gomes Advocacia e Consultoria Jur\u00eddica<br \/>\n317 Residencial<\/p>\n\n\n\n<p><strong>4\u00ba ANDAR<\/strong><\/p>\n\n\n<p>401 Federa\u00e7\u00e3o dos Taxistas do Estado do Paran\u00e1<br \/>\n402<br \/>\n403<br \/>\n404 Sagicon \u2013 Psic\u00f3loga Sandra Pierozon<br \/>\n405 Vazia<br \/>\n406 Est\u00e9tica<br \/>\n407 Residencial<br \/>\n408<br \/>\n409 Vazia<br \/>\n410 Cl\u00ednica de Acupuntura e Terapia Afins<br \/>\n411 Mydas Consultoria em ERP e TI<br \/>\n412 Consult\u00f3rio de Pilates<br \/>\n413<br \/>\n414 Representa\u00e7\u00e3o Advocacia Materlab Produtos Lab<br \/>\n415 Cher e Tulio Advogados<br \/>\n416 Juliano Sebben \u2013 Advogado<br \/>\n417 Mydas Consultoria em ERP e TI<\/p>\n\n\n\n<p><strong>5\u00ba ANDAR<\/strong><\/p>\n\n\n<p>501 \u00c1ster Im\u00f3veis<br \/>\n510 Giacometti Representa\u00e7\u00f5es<\/p>\n\n\n\n<p><\/p>\n","protected":false},"excerpt":{"rendered":"<p>05 ANDARES DE SERVI\u00c7OS CONHE\u00c7A TODOS OS SERVI\u00c7OS QUE O STUDIOS DO BOSQUE TEM PARA VOC\u00ca. 1\u00ba ANDAR 2\u00ba ANDAR 3\u00ba ANDAR 4\u00ba ANDAR 5\u00ba ANDAR<\/p>\n","protected":false},"author":1,"featured_media":0,"parent":8,"menu_order":0,"comment_status":"closed","ping_status":"closed","template":"page-templates\/homepage.php","meta":{"_monsterinsights_skip_tracking":false,"_monsterinsights_sitenote_active":false,"_monsterinsights_sitenote_note":"","_monsterinsights_sitenote_category":0},"yoast_head":"<!-- This site is optimized with the Yoast SEO plugin v19.6.1 - https:\/\/yoast.com\/wordpress\/plugins\/seo\/ -->\n<title>Unidades | STUDIOS DO BOSQUE<\/title>\n<meta name=\"robots\" content=\"index, follow, max-snippet:-1, max-image-preview:large, max-video-preview:-1\" \/>\n<link rel=\"canonical\" href=\"https:\/\/www.studiosdobosque.com.br\/2020\/home-2\/unidades\/\" \/>\n<meta property=\"og:locale\" content=\"pt_BR\" \/>\n<meta property=\"og:type\" content=\"article\" \/>\n<meta property=\"og:title\" content=\"Unidades | STUDIOS DO BOSQUE\" \/>\n<meta property=\"og:description\" content=\"05 ANDARES DE SERVI\u00c7OS CONHE\u00c7A TODOS OS SERVI\u00c7OS QUE O STUDIOS DO BOSQUE TEM PARA VOC\u00ca. 1\u00ba ANDAR 2\u00ba ANDAR 3\u00ba ANDAR 4\u00ba ANDAR 5\u00ba ANDAR\" \/>\n<meta property=\"og:url\" content=\"https:\/\/www.studiosdobosque.com.br\/2020\/home-2\/unidades\/\" \/>\n<meta property=\"og:site_name\" content=\"STUDIOS DO BOSQUE\" \/>\n<meta property=\"article:publisher\" content=\"https:\/\/www.facebook.com\/studiosdobosque\/?ref=br_rs\" \/>\n<meta property=\"article:modified_time\" content=\"2022-07-11T19:02:03+00:00\" \/>\n<meta name=\"twitter:card\" content=\"summary_large_image\" \/>\n<meta name=\"twitter:label1\" content=\"Est. tempo de leitura\" \/>\n\t<meta name=\"twitter:data1\" content=\"2 minutos\" \/>\n<script type=\"application\/ld+json\" class=\"yoast-schema-graph\">{\"@context\":\"https:\/\/schema.org\",\"@graph\":[{\"@type\":\"WebPage\",\"@id\":\"https:\/\/www.studiosdobosque.com.br\/2020\/home-2\/unidades\/\",\"url\":\"https:\/\/www.studiosdobosque.com.br\/2020\/home-2\/unidades\/\",\"name\":\"Unidades | STUDIOS DO BOSQUE\",\"isPartOf\":{\"@id\":\"https:\/\/www.studiosdobosque.com.br\/2020\/#website\"},\"datePublished\":\"2020-07-29T16:28:12+00:00\",\"dateModified\":\"2022-07-11T19:02:03+00:00\",\"breadcrumb\":{\"@id\":\"https:\/\/www.studiosdobosque.com.br\/2020\/home-2\/unidades\/#breadcrumb\"},\"inLanguage\":\"pt-BR\",\"potentialAction\":[{\"@type\":\"ReadAction\",\"target\":[\"https:\/\/www.studiosdobosque.com.br\/2020\/home-2\/unidades\/\"]}]},{\"@type\":\"BreadcrumbList\",\"@id\":\"https:\/\/www.studiosdobosque.com.br\/2020\/home-2\/unidades\/#breadcrumb\",\"itemListElement\":[{\"@type\":\"ListItem\",\"position\":1,\"name\":\"In\u00edcio\",\"item\":\"https:\/\/www.studiosdobosque.com.br\/2020\/\"},{\"@type\":\"ListItem\",\"position\":2,\"name\":\"Home\",\"item\":\"https:\/\/www.studiosdobosque.com.br\/2020\/home-2\/\"},{\"@type\":\"ListItem\",\"position\":3,\"name\":\"Unidades\"}]},{\"@type\":\"WebSite\",\"@id\":\"https:\/\/www.studiosdobosque.com.br\/2020\/#website\",\"url\":\"https:\/\/www.studiosdobosque.com.br\/2020\/\",\"name\":\"STUDIOS DO BOSQUE\",\"description\":\"O lugar certo para fazer grandes neg\u00f3cios.\",\"publisher\":{\"@id\":\"https:\/\/www.studiosdobosque.com.br\/2020\/#organization\"},\"potentialAction\":[{\"@type\":\"SearchAction\",\"target\":{\"@type\":\"EntryPoint\",\"urlTemplate\":\"https:\/\/www.studiosdobosque.com.br\/2020\/?s={search_term_string}\"},\"query-input\":\"required name=search_term_string\"}],\"inLanguage\":\"pt-BR\"},{\"@type\":\"Organization\",\"@id\":\"https:\/\/www.studiosdobosque.com.br\/2020\/#organization\",\"name\":\"Studios do Bosque\",\"url\":\"https:\/\/www.studiosdobosque.com.br\/2020\/\",\"sameAs\":[\"https:\/\/www.instagram.com\/edificiostudiosdobosque\/\",\"https:\/\/www.facebook.com\/studiosdobosque\/?ref=br_rs\"],\"logo\":{\"@type\":\"ImageObject\",\"inLanguage\":\"pt-BR\",\"@id\":\"https:\/\/www.studiosdobosque.com.br\/2020\/#\/schema\/logo\/image\/\",\"url\":\"https:\/\/www.studiosdobosque.com.br\/2020\/wp-content\/uploads\/2020\/04\/logo_2020_preta_verde.png\",\"contentUrl\":\"https:\/\/www.studiosdobosque.com.br\/2020\/wp-content\/uploads\/2020\/04\/logo_2020_preta_verde.png\",\"width\":600,\"height\":120,\"caption\":\"Studios do Bosque\"},\"image\":{\"@id\":\"https:\/\/www.studiosdobosque.com.br\/2020\/#\/schema\/logo\/image\/\"}}]}<\/script>\n<!-- \/ Yoast SEO plugin. -->","yoast_head_json":{"title":"Unidades | STUDIOS DO BOSQUE","robots":{"index":"index","follow":"follow","max-snippet":"max-snippet:-1","max-image-preview":"max-image-preview:large","max-video-preview":"max-video-preview:-1"},"canonical":"https:\/\/www.studiosdobosque.com.br\/2020\/home-2\/unidades\/","og_locale":"pt_BR","og_type":"article","og_title":"Unidades | STUDIOS DO BOSQUE","og_description":"05 ANDARES DE SERVI\u00c7OS CONHE\u00c7A TODOS OS SERVI\u00c7OS QUE O STUDIOS DO BOSQUE TEM PARA VOC\u00ca. 1\u00ba ANDAR 2\u00ba ANDAR 3\u00ba ANDAR 4\u00ba ANDAR 5\u00ba ANDAR","og_url":"https:\/\/www.studiosdobosque.com.br\/2020\/home-2\/unidades\/","og_site_name":"STUDIOS DO BOSQUE","article_publisher":"https:\/\/www.facebook.com\/studiosdobosque\/?ref=br_rs","article_modified_time":"2022-07-11T19:02:03+00:00","twitter_card":"summary_large_image","twitter_misc":{"Est. tempo de leitura":"2 minutos"},"schema":{"@context":"https:\/\/schema.org","@graph":[{"@type":"WebPage","@id":"https:\/\/www.studiosdobosque.com.br\/2020\/home-2\/unidades\/","url":"https:\/\/www.studiosdobosque.com.br\/2020\/home-2\/unidades\/","name":"Unidades | STUDIOS DO BOSQUE","isPartOf":{"@id":"https:\/\/www.studiosdobosque.com.br\/2020\/#website"},"datePublished":"2020-07-29T16:28:12+00:00","dateModified":"2022-07-11T19:02:03+00:00","breadcrumb":{"@id":"https:\/\/www.studiosdobosque.com.br\/2020\/home-2\/unidades\/#breadcrumb"},"inLanguage":"pt-BR","potentialAction":[{"@type":"ReadAction","target":["https:\/\/www.studiosdobosque.com.br\/2020\/home-2\/unidades\/"]}]},{"@type":"BreadcrumbList","@id":"https:\/\/www.studiosdobosque.com.br\/2020\/home-2\/unidades\/#breadcrumb","itemListElement":[{"@type":"ListItem","position":1,"name":"In\u00edcio","item":"https:\/\/www.studiosdobosque.com.br\/2020\/"},{"@type":"ListItem","position":2,"name":"Home","item":"https:\/\/www.studiosdobosque.com.br\/2020\/home-2\/"},{"@type":"ListItem","position":3,"name":"Unidades"}]},{"@type":"WebSite","@id":"https:\/\/www.studiosdobosque.com.br\/2020\/#website","url":"https:\/\/www.studiosdobosque.com.br\/2020\/","name":"STUDIOS DO BOSQUE","description":"O lugar certo para fazer grandes neg\u00f3cios.","publisher":{"@id":"https:\/\/www.studiosdobosque.com.br\/2020\/#organization"},"potentialAction":[{"@type":"SearchAction","target":{"@type":"EntryPoint","urlTemplate":"https:\/\/www.studiosdobosque.com.br\/2020\/?s={search_term_string}"},"query-input":"required name=search_term_string"}],"inLanguage":"pt-BR"},{"@type":"Organization","@id":"https:\/\/www.studiosdobosque.com.br\/2020\/#organization","name":"Studios do Bosque","url":"https:\/\/www.studiosdobosque.com.br\/2020\/","sameAs":["https:\/\/www.instagram.com\/edificiostudiosdobosque\/","https:\/\/www.facebook.com\/studiosdobosque\/?ref=br_rs"],"logo":{"@type":"ImageObject","inLanguage":"pt-BR","@id":"https:\/\/www.studiosdobosque.com.br\/2020\/#\/schema\/logo\/image\/","url":"https:\/\/www.studiosdobosque.com.br\/2020\/wp-content\/uploads\/2020\/04\/logo_2020_preta_verde.png","contentUrl":"https:\/\/www.studiosdobosque.com.br\/2020\/wp-content\/uploads\/2020\/04\/logo_2020_preta_verde.png","width":600,"height":120,"caption":"Studios do Bosque"},"image":{"@id":"https:\/\/www.studiosdobosque.com.br\/2020\/#\/schema\/logo\/image\/"}}]}},"_links":{"self":[{"href":"https:\/\/www.studiosdobosque.com.br\/2020\/wp-json\/wp\/v2\/pages\/13422"}],"collection":[{"href":"https:\/\/www.studiosdobosque.com.br\/2020\/wp-json\/wp\/v2\/pages"}],"about":[{"href":"https:\/\/www.studiosdobosque.com.br\/2020\/wp-json\/wp\/v2\/types\/page"}],"author":[{"embeddable":true,"href":"https:\/\/www.studiosdobosque.com.br\/2020\/wp-json\/wp\/v2\/users\/1"}],"replies":[{"embeddable":true,"href":"https:\/\/www.studiosdobosque.com.br\/2020\/wp-json\/wp\/v2\/comments?post=13422"}],"version-history":[{"count":16,"href":"https:\/\/www.studiosdobosque.com.br\/2020\/wp-json\/wp\/v2\/pages\/13422\/revisions"}],"predecessor-version":[{"id":13506,"href":"https:\/\/www.studiosdobosque.com.br\/2020\/wp-json\/wp\/v2\/pages\/13422\/revisions\/13506"}],"up":[{"embeddable":true,"href":"https:\/\/www.studiosdobosque.com.br\/2020\/wp-json\/wp\/v2\/pages\/8"}],"wp:attachment":[{"href":"https:\/\/www.studiosdobosque.com.br\/2020\/wp-json\/wp\/v2\/media?parent=13422"}],"curies":[{"name":"wp","href":"https:\/\/api.w.org\/{rel}","templated":true}]}}