{"id":13435,"date":"2020-07-29T17:37:17","date_gmt":"2020-07-29T21:37:17","guid":{"rendered":"https:\/\/www.studiosdobosque.com.br\/2020\/?page_id=13435"},"modified":"2020-07-29T20:49:52","modified_gmt":"2020-07-30T00:49:52","slug":"locacao-venda-airbnb-booking","status":"publish","type":"page","link":"https:\/\/www.studiosdobosque.com.br\/2020\/home-2\/locacao-venda-airbnb-booking\/","title":{"rendered":"Loca\u00e7\u00e3o \/ Venda"},"content":{"rendered":"\n<h2>Loca\u00e7\u00e3o Residencial<\/h2>\n\n\n<div id=\"pl-gb13435-69f4d3cc354b7\"  class=\"panel-layout\" ><div id=\"pg-gb13435-69f4d3cc354b7-0\"  class=\"panel-grid panel-no-style\" ><div id=\"pgc-gb13435-69f4d3cc354b7-0-0\"  class=\"panel-grid-cell\" ><div id=\"panel-gb13435-69f4d3cc354b7-0-0-0\" class=\"so-panel widget widget_siteorigin-panels-builder panel-first-child\" data-index=\"0\" ><div id=\"pl-w5f2200df3d025\"  class=\"panel-layout\" ><div id=\"pg-w5f2200df3d025-0\"  class=\"panel-grid panel-no-style\" ><div id=\"pgc-w5f2200df3d025-0-0\"  class=\"panel-grid-cell\" ><div id=\"panel-w5f2200df3d025-0-0-0\" class=\"so-panel widget widget_sow-image panel-first-child panel-last-child\" data-index=\"0\" ><div\n\t\t\t\n\t\t\tclass=\"so-widget-sow-image so-widget-sow-image-default-6b88c04c1f9b\"\n\t\t\t\n\t\t>\n<h3 class=\"widget-title\">Apartamento 102<\/h3>\n<div class=\"sow-image-container\">\n\t\t\t<a href=\"https:\/\/www.airbnb.com.br\/rooms\/40286756?source_impression_id=p3_1596058507_x7WcPbKjK9FRzv33&#038;guests=1&#038;adults=1\"\n\t\t\ttarget=\"_blank\" rel=\"noopener noreferrer\" \t\t>\n\t\t\t<img src=\"https:\/\/www.studiosdobosque.com.br\/2020\/wp-content\/uploads\/2020\/07\/airbnb-150x150.jpg\" width=\"150\" height=\"150\" sizes=\"(max-width: 150px) 100vw, 150px\" title=\"Apartamento 102\" alt=\"Apartamento 102\" loading=\"lazy\" \t\tclass=\"so-widget-image\"\/>\n\t<\/a><\/div>\n\n<\/div><\/div><\/div><\/div><\/div><\/div><div id=\"panel-gb13435-69f4d3cc354b7-0-0-1\" class=\"so-panel widget widget_siteorigin-panels-builder panel-last-child\" data-index=\"1\" ><div id=\"pl-w5f2200df41781\"  class=\"panel-layout\" ><div id=\"pg-w5f2200df41781-0\"  class=\"panel-grid panel-no-style\" ><div id=\"pgc-w5f2200df41781-0-0\"  class=\"panel-grid-cell\" ><div id=\"panel-w5f2200df41781-0-0-0\" class=\"so-panel widget widget_sow-image panel-first-child panel-last-child\" data-index=\"0\" ><div\n\t\t\t\n\t\t\tclass=\"so-widget-sow-image so-widget-sow-image-default-6b88c04c1f9b\"\n\t\t\t\n\t\t>\n<h3 class=\"widget-title\">Apartamento 308<\/h3>\n<div class=\"sow-image-container\">\n\t\t\t<a href=\"https:\/\/www.airbnb.com.br\/rooms\/32574544?source_impression_id=p3_1596063581_O0PDCNd3yvcAkW9i\"\n\t\t\ttarget=\"_blank\" rel=\"noopener noreferrer\" \t\t>\n\t\t\t<img src=\"https:\/\/www.studiosdobosque.com.br\/2020\/wp-content\/uploads\/2020\/07\/airbnb-150x150.jpg\" width=\"150\" height=\"150\" sizes=\"(max-width: 150px) 100vw, 150px\" title=\"Apartamento 308\" alt=\"Apartamento 308\" loading=\"lazy\" \t\tclass=\"so-widget-image\"\/>\n\t<\/a><\/div>\n\n<\/div><\/div><\/div><\/div><\/div><\/div><\/div><div id=\"pgc-gb13435-69f4d3cc354b7-0-1\"  class=\"panel-grid-cell\" ><div id=\"panel-gb13435-69f4d3cc354b7-0-1-0\" class=\"so-panel widget widget_siteorigin-panels-builder panel-first-child\" data-index=\"2\" ><div id=\"pl-w5f2200df41b6e\"  class=\"panel-layout\" ><div id=\"pg-w5f2200df41b6e-0\"  class=\"panel-grid panel-no-style\" ><div id=\"pgc-w5f2200df41b6e-0-0\"  class=\"panel-grid-cell\" ><div id=\"panel-w5f2200df41b6e-0-0-0\" class=\"so-panel widget widget_sow-image panel-first-child panel-last-child\" data-index=\"0\" ><div\n\t\t\t\n\t\t\tclass=\"so-widget-sow-image so-widget-sow-image-default-6b88c04c1f9b\"\n\t\t\t\n\t\t>\n<h3 class=\"widget-title\">Apartamento 306<\/h3>\n<div class=\"sow-image-container\">\n\t\t\t<a href=\"https:\/\/www.booking.com\/hotel\/br\/sb306-studios-do-bosque-ar-condicionado.pt-br.html?aid=356980;label=gog235jc-1DCAsoIEInc2IzMDYtc3R1ZGlvcy1kby1ib3NxdWUtYXItY29uZGljaW9uYWRvSDNYA2ggiAEBmAEtuAEGyAEM2AED6AEBiAIBqAIDuALu8If5BcACAdICJGE5ZjExODI5LTJhYzktNDJjNS1hODI5LWY5ZTQzOTIzNDlhM9gCBOACAQ;dist=0&#038;keep_landing=1&#038;sb_price_type=total&#038;type=total&#038;\"\n\t\t\ttarget=\"_blank\" rel=\"noopener noreferrer\" \t\t>\n\t\t\t<img src=\"https:\/\/www.studiosdobosque.com.br\/2020\/wp-content\/uploads\/2020\/07\/booking-2-150x150.png\" width=\"150\" height=\"150\" sizes=\"(max-width: 150px) 100vw, 150px\" title=\"Apartamento 306\" alt=\"Apartamento 306\" loading=\"lazy\" \t\tclass=\"so-widget-image\"\/>\n\t<\/a><\/div>\n\n<\/div><\/div><\/div><\/div><\/div><\/div><div id=\"panel-gb13435-69f4d3cc354b7-0-1-1\" class=\"so-panel widget widget_siteorigin-panels-builder panel-last-child\" data-index=\"3\" ><div id=\"pl-w5f2205a72e228\"  class=\"panel-layout\" ><div id=\"pg-w5f2205a72e228-0\"  class=\"panel-grid panel-no-style\" ><div id=\"pgc-w5f2205a72e228-0-0\"  class=\"panel-grid-cell\" ><div id=\"panel-w5f2205a72e228-0-0-0\" class=\"so-panel widget widget_sow-image panel-first-child panel-last-child\" data-index=\"0\" ><div\n\t\t\t\n\t\t\tclass=\"so-widget-sow-image so-widget-sow-image-default-cac9d8e48d2b\"\n\t\t\t\n\t\t>\n<h3 class=\"widget-title\">Apartamento 407<\/h3>\n<div class=\"sow-image-container\">\n\t\t\t<a href=\"https:\/\/www.booking.com\/hotel\/br\/sb407-studios-do-bosque-ar-condicionado.pt-pt.html\"\n\t\t\ttarget=\"_blank\" rel=\"noopener noreferrer\" \t\t>\n\t\t\t<img src=\"https:\/\/www.studiosdobosque.com.br\/2020\/wp-content\/uploads\/2020\/07\/booking-2-150x150.png\" width=\"150\" height=\"150\" sizes=\"(max-width: 150px) 100vw, 150px\" title=\"Apartamento 407\" alt=\"Apartamento 407\" loading=\"lazy\" \t\tclass=\"so-widget-image\"\/>\n\t<\/a><\/div>\n\n<\/div><\/div><\/div><\/div><\/div><\/div><\/div><\/div><div id=\"pg-gb13435-69f4d3cc354b7-1\"  class=\"panel-grid panel-no-style\" ><div id=\"pgc-gb13435-69f4d3cc354b7-1-0\"  class=\"panel-grid-cell panel-grid-cell-empty panel-grid-cell-mobile-last\" ><\/div><div id=\"pgc-gb13435-69f4d3cc354b7-1-1\"  class=\"panel-grid-cell panel-grid-cell-empty\" ><\/div><\/div><div id=\"pg-gb13435-69f4d3cc354b7-2\"  class=\"panel-grid panel-no-style\" ><div id=\"pgc-gb13435-69f4d3cc354b7-2-0\"  class=\"panel-grid-cell\" ><div id=\"panel-gb13435-69f4d3cc354b7-2-0-0\" class=\"so-panel widget widget_siteorigin-panels-builder panel-first-child\" data-index=\"4\" ><div id=\"pl-w5f2200df4361d\"  class=\"panel-layout\" ><div id=\"pg-w5f2200df4361d-0\"  class=\"panel-grid panel-no-style\" ><div id=\"pgc-w5f2200df4361d-0-0\"  class=\"panel-grid-cell\" ><div id=\"panel-w5f2200df4361d-0-0-0\" class=\"so-panel widget widget_sow-image panel-first-child panel-last-child\" data-index=\"0\" ><div\n\t\t\t\n\t\t\tclass=\"so-widget-sow-image so-widget-sow-image-default-6b88c04c1f9b\"\n\t\t\t\n\t\t>\n<h3 class=\"widget-title\">Apartamento 101<\/h3>\n<div class=\"sow-image-container\">\n\t\t\t<a href=\"https:\/\/www.airbnb.com.br\/rooms\/40284317?_set_bev_on_new_domain=1576103539_N2U0ZjhiYzk0MmE3&#038;source_impression_id=p3_1596063869_uDaKbONKni9Oxl%2FG\"\n\t\t\ttarget=\"_blank\" rel=\"noopener noreferrer\" \t\t>\n\t\t\t<img src=\"https:\/\/www.studiosdobosque.com.br\/2020\/wp-content\/uploads\/2020\/07\/airbnb-150x150.jpg\" width=\"150\" height=\"150\" sizes=\"(max-width: 150px) 100vw, 150px\" title=\"Apartamento 101\" alt=\"Apartamento 101\" loading=\"lazy\" \t\tclass=\"so-widget-image\"\/>\n\t<\/a><\/div>\n\n<\/div><\/div><\/div><\/div><\/div><\/div><div id=\"panel-gb13435-69f4d3cc354b7-2-0-1\" class=\"so-panel widget widget_siteorigin-panels-builder panel-last-child\" data-index=\"5\" ><div id=\"pl-w5f2200df439fe\"  class=\"panel-layout\" ><div id=\"pg-w5f2200df439fe-0\"  class=\"panel-grid panel-no-style\" ><div id=\"pgc-w5f2200df439fe-0-0\"  class=\"panel-grid-cell\" ><div id=\"panel-w5f2200df439fe-0-0-0\" class=\"so-panel widget widget_sow-image panel-first-child panel-last-child\" data-index=\"0\" ><div\n\t\t\t\n\t\t\tclass=\"so-widget-sow-image so-widget-sow-image-default-6b88c04c1f9b\"\n\t\t\t\n\t\t>\n<h3 class=\"widget-title\">Apartamento 306<\/h3>\n<div class=\"sow-image-container\">\n\t\t\t<a href=\"https:\/\/www.airbnb.com.br\/rooms\/32574181?_set_bev_on_new_domain=1576103539_N2U0ZjhiYzk0MmE3&#038;source_impression_id=p3_1596063912_Py%2FWS1zHqWtBieQ4\"\n\t\t\ttarget=\"_blank\" rel=\"noopener noreferrer\" \t\t>\n\t\t\t<img src=\"https:\/\/www.studiosdobosque.com.br\/2020\/wp-content\/uploads\/2020\/07\/airbnb-150x150.jpg\" width=\"150\" height=\"150\" sizes=\"(max-width: 150px) 100vw, 150px\" title=\"Apartamento 306\" alt=\"\" loading=\"lazy\" \t\tclass=\"so-widget-image\"\/>\n\t<\/a><\/div>\n\n<\/div><\/div><\/div><\/div><\/div><\/div><\/div><div id=\"pgc-gb13435-69f4d3cc354b7-2-1\"  class=\"panel-grid-cell\" ><div id=\"panel-gb13435-69f4d3cc354b7-2-1-0\" class=\"so-panel widget widget_siteorigin-panels-builder panel-first-child\" data-index=\"6\" ><div id=\"pl-w5f2208d888442\"  class=\"panel-layout\" ><div id=\"pg-w5f2208d888442-0\"  class=\"panel-grid panel-no-style\" ><div id=\"pgc-w5f2208d888442-0-0\"  class=\"panel-grid-cell\" ><div id=\"panel-w5f2208d888442-0-0-0\" class=\"so-panel widget widget_sow-image panel-first-child panel-last-child\" data-index=\"0\" ><div\n\t\t\t\n\t\t\tclass=\"so-widget-sow-image so-widget-sow-image-default-6b88c04c1f9b\"\n\t\t\t\n\t\t>\n<h3 class=\"widget-title\">Apartamento 403<\/h3>\n<div class=\"sow-image-container\">\n\t\t\t<a href=\"https:\/\/www.booking.com\/hotel\/br\/sb403-studios-do-bosque-ar-condicionado.pt-pt.html\"\n\t\t\ttarget=\"_blank\" rel=\"noopener noreferrer\" \t\t>\n\t\t\t<img src=\"https:\/\/www.studiosdobosque.com.br\/2020\/wp-content\/uploads\/2020\/07\/booking-2-150x150.png\" width=\"150\" height=\"150\" sizes=\"(max-width: 150px) 100vw, 150px\" title=\"Apartamento 403\" alt=\"Apartamento 306\" loading=\"lazy\" \t\tclass=\"so-widget-image\"\/>\n\t<\/a><\/div>\n\n<\/div><\/div><\/div><\/div><\/div><\/div><div id=\"panel-gb13435-69f4d3cc354b7-2-1-1\" class=\"so-panel widget widget_siteorigin-panels-builder panel-last-child\" data-index=\"7\" ><div id=\"pl-w5f2208d88a271\"  class=\"panel-layout\" ><div id=\"pg-w5f2208d88a271-0\"  class=\"panel-grid panel-no-style\" ><div id=\"pgc-w5f2208d88a271-0-0\"  class=\"panel-grid-cell\" ><div id=\"panel-w5f2208d88a271-0-0-0\" class=\"so-panel widget widget_sow-image panel-first-child panel-last-child\" data-index=\"0\" ><div\n\t\t\t\n\t\t\tclass=\"so-widget-sow-image so-widget-sow-image-default-6b88c04c1f9b\"\n\t\t\t\n\t\t>\n<h3 class=\"widget-title\">Apartamento 308<\/h3>\n<div class=\"sow-image-container\">\n\t\t\t<a href=\"https:\/\/www.booking.com\/hotel\/br\/studios-do-bosque.pt-br.html\"\n\t\t\ttarget=\"_blank\" rel=\"noopener noreferrer\" \t\t>\n\t\t\t<img src=\"https:\/\/www.studiosdobosque.com.br\/2020\/wp-content\/uploads\/2020\/07\/booking-2-150x150.png\" width=\"150\" height=\"150\" sizes=\"(max-width: 150px) 100vw, 150px\" title=\"Apartamento 308\" alt=\"Apartamento 308\" loading=\"lazy\" \t\tclass=\"so-widget-image\"\/>\n\t<\/a><\/div>\n\n<\/div><\/div><\/div><\/div><\/div><\/div><\/div><\/div><\/div>\n\n\n<div style=\"height:100px\" aria-hidden=\"true\" class=\"wp-block-spacer\"><\/div>\n\n\n\n<h2>Loca\u00e7\u00e3o Comercial<\/h2>\n\n\n<div id=\"pl-gb13435-69f4d3cc39f6d\"  class=\"panel-layout\" ><div id=\"pg-gb13435-69f4d3cc39f6d-0\"  class=\"panel-grid panel-no-style\" ><div id=\"pgc-gb13435-69f4d3cc39f6d-0-0\"  class=\"panel-grid-cell panel-grid-cell-empty panel-grid-cell-mobile-last\" ><\/div><div id=\"pgc-gb13435-69f4d3cc39f6d-0-1\"  class=\"panel-grid-cell panel-grid-cell-empty\" ><\/div><\/div><div id=\"pg-gb13435-69f4d3cc39f6d-1\"  class=\"panel-grid panel-no-style\" ><div id=\"pgc-gb13435-69f4d3cc39f6d-1-0\"  class=\"panel-grid-cell\" ><div id=\"panel-gb13435-69f4d3cc39f6d-1-0-0\" class=\"so-panel widget widget_siteorigin-panels-builder panel-first-child panel-last-child\" data-index=\"0\" ><div id=\"pl-w5f2211102f54a\"  class=\"panel-layout\" ><div id=\"pg-w5f2211102f54a-0\"  class=\"panel-grid panel-no-style\" ><div id=\"pgc-w5f2211102f54a-0-0\"  class=\"panel-grid-cell\" ><div id=\"panel-w5f2211102f54a-0-0-0\" class=\"so-panel widget widget_sow-image panel-first-child panel-last-child\" data-index=\"0\" ><div\n\t\t\t\n\t\t\tclass=\"so-widget-sow-image so-widget-sow-image-default-6b88c04c1f9b\"\n\t\t\t\n\t\t>\n<h3 class=\"widget-title\">Sala Comercial &#8211; 40m\u00b2<\/h3>\n<div class=\"sow-image-container\">\n\t\t\t<a href=\"https:\/\/www.imovelweb.com.br\/propriedades\/ed.-studios-do-bosque-sala-comercial-115-920810674.html\"\n\t\t\ttarget=\"_blank\" rel=\"noopener noreferrer\" \t\t>\n\t\t\t<img src=\"https:\/\/www.studiosdobosque.com.br\/2020\/wp-content\/uploads\/2020\/07\/imo-500x450-1-150x150.png\" width=\"150\" height=\"150\" sizes=\"(max-width: 150px) 100vw, 150px\" title=\"Sala Comercial - 40m\u00b2\" alt=\"Sala Comercial 115\" loading=\"lazy\" \t\tclass=\"so-widget-image\"\/>\n\t<\/a><\/div>\n\n<\/div><\/div><\/div><\/div><\/div><\/div><\/div><div id=\"pgc-gb13435-69f4d3cc39f6d-1-1\"  class=\"panel-grid-cell\" ><div id=\"panel-gb13435-69f4d3cc39f6d-1-1-0\" class=\"so-panel widget widget_siteorigin-panels-builder panel-first-child panel-last-child\" data-index=\"1\" ><div id=\"pl-w5f22111032de8\"  class=\"panel-layout\" ><div id=\"pg-w5f22111032de8-0\"  class=\"panel-grid panel-no-style\" ><div id=\"pgc-w5f22111032de8-0-0\"  class=\"panel-grid-cell\" ><div id=\"panel-w5f22111032de8-0-0-0\" class=\"so-panel widget widget_sow-image panel-first-child panel-last-child\" data-index=\"0\" ><div\n\t\t\t\n\t\t\tclass=\"so-widget-sow-image so-widget-sow-image-default-6b88c04c1f9b\"\n\t\t\t\n\t\t>\n<h3 class=\"widget-title\">Sala Comercial &#8211; 30 m\u00b2 <\/h3>\n<div class=\"sow-image-container\">\n\t\t\t<a href=\"https:\/\/www.vivareal.com.br\/imovel\/sala-comercial-centro-civico-bairros-curitiba-com-garagem-30m2-aluguel-RS950-id-2487929913\/?__vt=gv:a\"\n\t\t\ttarget=\"_blank\" rel=\"noopener noreferrer\" \t\t>\n\t\t\t<img src=\"https:\/\/www.studiosdobosque.com.br\/2020\/wp-content\/uploads\/2020\/07\/company_782c3ea7-d07b-4960-b290-17b71ddd8509-150x150.jpg\" width=\"150\" height=\"150\" sizes=\"(max-width: 150px) 100vw, 150px\" title=\"Sala Comercial - 30 m\u00b2 \" alt=\"Sala Comercial - 30 m\u00b2 \" loading=\"lazy\" \t\tclass=\"so-widget-image\"\/>\n\t<\/a><\/div>\n\n<\/div><\/div><\/div><\/div><\/div><\/div><\/div><\/div><\/div>\n\n\n<h2>Venda <\/h2>\n\n\n<div id=\"pl-gb13435-69f4d3cc3b939\"  class=\"panel-layout\" ><div id=\"pg-gb13435-69f4d3cc3b939-0\"  class=\"panel-grid panel-no-style\" ><div id=\"pgc-gb13435-69f4d3cc3b939-0-0\"  class=\"panel-grid-cell panel-grid-cell-empty panel-grid-cell-mobile-last\" ><\/div><div id=\"pgc-gb13435-69f4d3cc3b939-0-1\"  class=\"panel-grid-cell panel-grid-cell-empty\" ><\/div><\/div><div id=\"pg-gb13435-69f4d3cc3b939-1\"  class=\"panel-grid panel-no-style\" ><div id=\"pgc-gb13435-69f4d3cc3b939-1-0\"  class=\"panel-grid-cell\" ><div id=\"panel-gb13435-69f4d3cc3b939-1-0-0\" class=\"so-panel widget widget_siteorigin-panels-builder panel-first-child panel-last-child\" data-index=\"0\" ><div id=\"pl-w5f221778acd8c\"  class=\"panel-layout\" ><div id=\"pg-w5f221778acd8c-0\"  class=\"panel-grid panel-no-style\" ><div id=\"pgc-w5f221778acd8c-0-0\"  class=\"panel-grid-cell\" ><div id=\"panel-w5f221778acd8c-0-0-0\" class=\"so-panel widget widget_sow-image panel-first-child panel-last-child\" data-index=\"0\" ><div\n\t\t\t\n\t\t\tclass=\"so-widget-sow-image so-widget-sow-image-default-6b88c04c1f9b\"\n\t\t\t\n\t\t>\n<h3 class=\"widget-title\">Sala Comercial \u00e0 Venda<\/h3>\n<div class=\"sow-image-container\">\n\t\t\t<a href=\"https:\/\/www.vivareal.com.br\/imovel\/sala-comercial-centro-civico-bairros-curitiba-33m2-venda-RS230000-id-2458635868\/?__vt=gv:a\"\n\t\t\ttarget=\"_blank\" rel=\"noopener noreferrer\" \t\t>\n\t\t\t<img src=\"https:\/\/www.studiosdobosque.com.br\/2020\/wp-content\/uploads\/2020\/07\/company_782c3ea7-d07b-4960-b290-17b71ddd8509-150x150.jpg\" width=\"150\" height=\"150\" sizes=\"(max-width: 150px) 100vw, 150px\" title=\"Sala Comercial \u00e0 Venda\" alt=\"Sala Comercial \u00e0 Venda\" loading=\"lazy\" \t\tclass=\"so-widget-image\"\/>\n\t<\/a><\/div>\n\n<\/div><\/div><\/div><\/div><\/div><\/div><\/div><div id=\"pgc-gb13435-69f4d3cc3b939-1-1\"  class=\"panel-grid-cell\" ><div id=\"panel-gb13435-69f4d3cc3b939-1-1-0\" class=\"so-panel widget widget_siteorigin-panels-builder panel-first-child panel-last-child\" data-index=\"1\" ><div id=\"pl-w5f221778aea43\"  class=\"panel-layout\" ><div id=\"pg-w5f221778aea43-0\"  class=\"panel-grid panel-no-style\" ><div id=\"pgc-w5f221778aea43-0-0\"  class=\"panel-grid-cell\" ><div id=\"panel-w5f221778aea43-0-0-0\" class=\"so-panel widget widget_sow-image panel-first-child panel-last-child\" data-index=\"0\" ><div\n\t\t\t\n\t\t\tclass=\"so-widget-sow-image so-widget-sow-image-default-6b88c04c1f9b\"\n\t\t\t\n\t\t>\n<h3 class=\"widget-title\">Sala Comercial \u00e0 Venda<\/h3>\n<div class=\"sow-image-container\">\n\t\t\t<a href=\"https:\/\/www.chavesnamao.com.br\/imovel\/sala-comercial-a-venda-3-salas-pr-curitiba-centro-civico-45m2-RS230000\/id-1771634\/\"\n\t\t\ttarget=\"_blank\" rel=\"noopener noreferrer\" \t\t>\n\t\t\t<img src=\"https:\/\/www.studiosdobosque.com.br\/2020\/wp-content\/uploads\/2020\/07\/Chavesnamao-e1596069725512-150x150.png\" width=\"150\" height=\"150\" srcset=\"https:\/\/www.studiosdobosque.com.br\/2020\/wp-content\/uploads\/2020\/07\/Chavesnamao-e1596069725512-150x150.png 150w, https:\/\/www.studiosdobosque.com.br\/2020\/wp-content\/uploads\/2020\/07\/Chavesnamao-e1596069725512-300x300.png 300w\" sizes=\"(max-width: 150px) 100vw, 150px\" title=\"Sala Comercial \u00e0 Venda\" alt=\"Sala Comercial \u00e0 Venda\" loading=\"lazy\" \t\tclass=\"so-widget-image\"\/>\n\t<\/a><\/div>\n\n<\/div><\/div><\/div><\/div><\/div><\/div><\/div><\/div><\/div>\n\n\n<p><\/p>\n","protected":false},"excerpt":{"rendered":"<p>Loca\u00e7\u00e3o Residencial Loca\u00e7\u00e3o Comercial Venda<\/p>\n","protected":false},"author":1,"featured_media":0,"parent":8,"menu_order":0,"comment_status":"closed","ping_status":"closed","template":"page-templates\/homepage.php","meta":{"_monsterinsights_skip_tracking":false,"_monsterinsights_sitenote_active":false,"_monsterinsights_sitenote_note":"","_monsterinsights_sitenote_category":0},"yoast_head":"<!-- This site is optimized with the Yoast SEO plugin v19.6.1 - https:\/\/yoast.com\/wordpress\/plugins\/seo\/ -->\n<title>Loca\u00e7\u00e3o \/ Venda | STUDIOS DO BOSQUE<\/title>\n<meta name=\"robots\" content=\"index, follow, max-snippet:-1, max-image-preview:large, max-video-preview:-1\" \/>\n<link rel=\"canonical\" href=\"https:\/\/www.studiosdobosque.com.br\/2020\/home-2\/locacao-venda-airbnb-booking\/\" \/>\n<meta property=\"og:locale\" content=\"pt_BR\" \/>\n<meta property=\"og:type\" content=\"article\" \/>\n<meta property=\"og:title\" content=\"Loca\u00e7\u00e3o \/ Venda | STUDIOS DO BOSQUE\" \/>\n<meta property=\"og:description\" content=\"Loca\u00e7\u00e3o Residencial Loca\u00e7\u00e3o Comercial Venda\" \/>\n<meta property=\"og:url\" content=\"https:\/\/www.studiosdobosque.com.br\/2020\/home-2\/locacao-venda-airbnb-booking\/\" \/>\n<meta property=\"og:site_name\" content=\"STUDIOS DO BOSQUE\" \/>\n<meta property=\"article:publisher\" content=\"https:\/\/www.facebook.com\/studiosdobosque\/?ref=br_rs\" \/>\n<meta property=\"article:modified_time\" content=\"2020-07-30T00:49:52+00:00\" \/>\n<meta property=\"og:image\" content=\"https:\/\/www.studiosdobosque.com.br\/2020\/wp-content\/uploads\/2020\/07\/airbnb-150x150.jpg\" \/>\n<meta name=\"twitter:card\" content=\"summary_large_image\" \/>\n<script type=\"application\/ld+json\" class=\"yoast-schema-graph\">{\"@context\":\"https:\/\/schema.org\",\"@graph\":[{\"@type\":\"WebPage\",\"@id\":\"https:\/\/www.studiosdobosque.com.br\/2020\/home-2\/locacao-venda-airbnb-booking\/\",\"url\":\"https:\/\/www.studiosdobosque.com.br\/2020\/home-2\/locacao-venda-airbnb-booking\/\",\"name\":\"Loca\u00e7\u00e3o \/ Venda | STUDIOS DO BOSQUE\",\"isPartOf\":{\"@id\":\"https:\/\/www.studiosdobosque.com.br\/2020\/#website\"},\"datePublished\":\"2020-07-29T21:37:17+00:00\",\"dateModified\":\"2020-07-30T00:49:52+00:00\",\"breadcrumb\":{\"@id\":\"https:\/\/www.studiosdobosque.com.br\/2020\/home-2\/locacao-venda-airbnb-booking\/#breadcrumb\"},\"inLanguage\":\"pt-BR\",\"potentialAction\":[{\"@type\":\"ReadAction\",\"target\":[\"https:\/\/www.studiosdobosque.com.br\/2020\/home-2\/locacao-venda-airbnb-booking\/\"]}]},{\"@type\":\"BreadcrumbList\",\"@id\":\"https:\/\/www.studiosdobosque.com.br\/2020\/home-2\/locacao-venda-airbnb-booking\/#breadcrumb\",\"itemListElement\":[{\"@type\":\"ListItem\",\"position\":1,\"name\":\"In\u00edcio\",\"item\":\"https:\/\/www.studiosdobosque.com.br\/2020\/\"},{\"@type\":\"ListItem\",\"position\":2,\"name\":\"Home\",\"item\":\"https:\/\/www.studiosdobosque.com.br\/2020\/home-2\/\"},{\"@type\":\"ListItem\",\"position\":3,\"name\":\"Loca\u00e7\u00e3o \/ Venda\"}]},{\"@type\":\"WebSite\",\"@id\":\"https:\/\/www.studiosdobosque.com.br\/2020\/#website\",\"url\":\"https:\/\/www.studiosdobosque.com.br\/2020\/\",\"name\":\"STUDIOS DO BOSQUE\",\"description\":\"O lugar certo para fazer grandes neg\u00f3cios.\",\"publisher\":{\"@id\":\"https:\/\/www.studiosdobosque.com.br\/2020\/#organization\"},\"potentialAction\":[{\"@type\":\"SearchAction\",\"target\":{\"@type\":\"EntryPoint\",\"urlTemplate\":\"https:\/\/www.studiosdobosque.com.br\/2020\/?s={search_term_string}\"},\"query-input\":\"required name=search_term_string\"}],\"inLanguage\":\"pt-BR\"},{\"@type\":\"Organization\",\"@id\":\"https:\/\/www.studiosdobosque.com.br\/2020\/#organization\",\"name\":\"Studios do Bosque\",\"url\":\"https:\/\/www.studiosdobosque.com.br\/2020\/\",\"sameAs\":[\"https:\/\/www.instagram.com\/edificiostudiosdobosque\/\",\"https:\/\/www.facebook.com\/studiosdobosque\/?ref=br_rs\"],\"logo\":{\"@type\":\"ImageObject\",\"inLanguage\":\"pt-BR\",\"@id\":\"https:\/\/www.studiosdobosque.com.br\/2020\/#\/schema\/logo\/image\/\",\"url\":\"https:\/\/www.studiosdobosque.com.br\/2020\/wp-content\/uploads\/2020\/04\/logo_2020_preta_verde.png\",\"contentUrl\":\"https:\/\/www.studiosdobosque.com.br\/2020\/wp-content\/uploads\/2020\/04\/logo_2020_preta_verde.png\",\"width\":600,\"height\":120,\"caption\":\"Studios do Bosque\"},\"image\":{\"@id\":\"https:\/\/www.studiosdobosque.com.br\/2020\/#\/schema\/logo\/image\/\"}}]}<\/script>\n<!-- \/ Yoast SEO plugin. -->","yoast_head_json":{"title":"Loca\u00e7\u00e3o \/ Venda | STUDIOS DO BOSQUE","robots":{"index":"index","follow":"follow","max-snippet":"max-snippet:-1","max-image-preview":"max-image-preview:large","max-video-preview":"max-video-preview:-1"},"canonical":"https:\/\/www.studiosdobosque.com.br\/2020\/home-2\/locacao-venda-airbnb-booking\/","og_locale":"pt_BR","og_type":"article","og_title":"Loca\u00e7\u00e3o \/ Venda | STUDIOS DO BOSQUE","og_description":"Loca\u00e7\u00e3o Residencial Loca\u00e7\u00e3o Comercial Venda","og_url":"https:\/\/www.studiosdobosque.com.br\/2020\/home-2\/locacao-venda-airbnb-booking\/","og_site_name":"STUDIOS DO BOSQUE","article_publisher":"https:\/\/www.facebook.com\/studiosdobosque\/?ref=br_rs","article_modified_time":"2020-07-30T00:49:52+00:00","og_image":[{"url":"https:\/\/www.studiosdobosque.com.br\/2020\/wp-content\/uploads\/2020\/07\/airbnb-150x150.jpg"}],"twitter_card":"summary_large_image","schema":{"@context":"https:\/\/schema.org","@graph":[{"@type":"WebPage","@id":"https:\/\/www.studiosdobosque.com.br\/2020\/home-2\/locacao-venda-airbnb-booking\/","url":"https:\/\/www.studiosdobosque.com.br\/2020\/home-2\/locacao-venda-airbnb-booking\/","name":"Loca\u00e7\u00e3o \/ Venda | STUDIOS DO BOSQUE","isPartOf":{"@id":"https:\/\/www.studiosdobosque.com.br\/2020\/#website"},"datePublished":"2020-07-29T21:37:17+00:00","dateModified":"2020-07-30T00:49:52+00:00","breadcrumb":{"@id":"https:\/\/www.studiosdobosque.com.br\/2020\/home-2\/locacao-venda-airbnb-booking\/#breadcrumb"},"inLanguage":"pt-BR","potentialAction":[{"@type":"ReadAction","target":["https:\/\/www.studiosdobosque.com.br\/2020\/home-2\/locacao-venda-airbnb-booking\/"]}]},{"@type":"BreadcrumbList","@id":"https:\/\/www.studiosdobosque.com.br\/2020\/home-2\/locacao-venda-airbnb-booking\/#breadcrumb","itemListElement":[{"@type":"ListItem","position":1,"name":"In\u00edcio","item":"https:\/\/www.studiosdobosque.com.br\/2020\/"},{"@type":"ListItem","position":2,"name":"Home","item":"https:\/\/www.studiosdobosque.com.br\/2020\/home-2\/"},{"@type":"ListItem","position":3,"name":"Loca\u00e7\u00e3o \/ Venda"}]},{"@type":"WebSite","@id":"https:\/\/www.studiosdobosque.com.br\/2020\/#website","url":"https:\/\/www.studiosdobosque.com.br\/2020\/","name":"STUDIOS DO BOSQUE","description":"O lugar certo para fazer grandes neg\u00f3cios.","publisher":{"@id":"https:\/\/www.studiosdobosque.com.br\/2020\/#organization"},"potentialAction":[{"@type":"SearchAction","target":{"@type":"EntryPoint","urlTemplate":"https:\/\/www.studiosdobosque.com.br\/2020\/?s={search_term_string}"},"query-input":"required name=search_term_string"}],"inLanguage":"pt-BR"},{"@type":"Organization","@id":"https:\/\/www.studiosdobosque.com.br\/2020\/#organization","name":"Studios do Bosque","url":"https:\/\/www.studiosdobosque.com.br\/2020\/","sameAs":["https:\/\/www.instagram.com\/edificiostudiosdobosque\/","https:\/\/www.facebook.com\/studiosdobosque\/?ref=br_rs"],"logo":{"@type":"ImageObject","inLanguage":"pt-BR","@id":"https:\/\/www.studiosdobosque.com.br\/2020\/#\/schema\/logo\/image\/","url":"https:\/\/www.studiosdobosque.com.br\/2020\/wp-content\/uploads\/2020\/04\/logo_2020_preta_verde.png","contentUrl":"https:\/\/www.studiosdobosque.com.br\/2020\/wp-content\/uploads\/2020\/04\/logo_2020_preta_verde.png","width":600,"height":120,"caption":"Studios do Bosque"},"image":{"@id":"https:\/\/www.studiosdobosque.com.br\/2020\/#\/schema\/logo\/image\/"}}]}},"_links":{"self":[{"href":"https:\/\/www.studiosdobosque.com.br\/2020\/wp-json\/wp\/v2\/pages\/13435"}],"collection":[{"href":"https:\/\/www.studiosdobosque.com.br\/2020\/wp-json\/wp\/v2\/pages"}],"about":[{"href":"https:\/\/www.studiosdobosque.com.br\/2020\/wp-json\/wp\/v2\/types\/page"}],"author":[{"embeddable":true,"href":"https:\/\/www.studiosdobosque.com.br\/2020\/wp-json\/wp\/v2\/users\/1"}],"replies":[{"embeddable":true,"href":"https:\/\/www.studiosdobosque.com.br\/2020\/wp-json\/wp\/v2\/comments?post=13435"}],"version-history":[{"count":32,"href":"https:\/\/www.studiosdobosque.com.br\/2020\/wp-json\/wp\/v2\/pages\/13435\/revisions"}],"predecessor-version":[{"id":13491,"href":"https:\/\/www.studiosdobosque.com.br\/2020\/wp-json\/wp\/v2\/pages\/13435\/revisions\/13491"}],"up":[{"embeddable":true,"href":"https:\/\/www.studiosdobosque.com.br\/2020\/wp-json\/wp\/v2\/pages\/8"}],"wp:attachment":[{"href":"https:\/\/www.studiosdobosque.com.br\/2020\/wp-json\/wp\/v2\/media?parent=13435"}],"curies":[{"name":"wp","href":"https:\/\/api.w.org\/{rel}","templated":true}]}}